Last updated on 2024-05-08 00:50:00 CEST.
Flavor | Version | Tinstall | Tcheck | Ttotal | Status | Flags |
---|---|---|---|---|---|---|
r-devel-linux-x86_64-debian-clang | 2.0.0 | 5.61 | 126.72 | 132.33 | NOTE | |
r-devel-linux-x86_64-debian-gcc | 2.0.0 | 4.00 | 95.82 | 99.82 | NOTE | |
r-devel-linux-x86_64-fedora-clang | 2.0.0 | 165.18 | NOTE | |||
r-devel-linux-x86_64-fedora-gcc | 2.0.0 | 180.84 | NOTE | |||
r-devel-windows-x86_64 | 2.0.0 | 7.00 | 161.00 | 168.00 | NOTE | |
r-patched-linux-x86_64 | 2.0.0 | 9.38 | 122.44 | 131.82 | NOTE | |
r-release-linux-x86_64 | 2.0.0 | 5.03 | 119.34 | 124.37 | NOTE | |
r-release-macos-arm64 | 2.0.0 | 56.00 | NOTE | |||
r-release-windows-x86_64 | 2.0.0 | 8.00 | 160.00 | 168.00 | NOTE | |
r-oldrel-macos-arm64 | 2.0.0 | 56.00 | OK | |||
r-oldrel-macos-x86_64 | 2.0.0 | 90.00 | OK | |||
r-oldrel-windows-x86_64 | 2.0.0 | 8.00 | 185.00 | 193.00 | OK |
Version: 2.0.0
Check: Rd files
Result: NOTE
checkRd: (-1) AutoPollution.Rd:16: Lost braces
16 | \code{Side} \tab {Side of vehicle: code{1}=right or \code{2}=left}\cr
| ^
Flavors: r-devel-linux-x86_64-debian-clang, r-devel-linux-x86_64-debian-gcc, r-devel-linux-x86_64-fedora-clang, r-devel-linux-x86_64-fedora-gcc, r-devel-windows-x86_64, r-patched-linux-x86_64, r-release-linux-x86_64, r-release-macos-arm64, r-release-windows-x86_64