Last updated on 2024-05-07 12:56:29 CEST.
Flavor | Version | Tinstall | Tcheck | Ttotal | Status | Flags |
---|---|---|---|---|---|---|
r-devel-linux-x86_64-debian-clang | 1.1 | 5.82 | 45.68 | 51.50 | NOTE | |
r-devel-linux-x86_64-debian-gcc | 1.1 | 4.22 | 34.39 | 38.61 | NOTE | |
r-devel-linux-x86_64-fedora-clang | 1.1 | 64.03 | NOTE | |||
r-devel-linux-x86_64-fedora-gcc | 1.1 | 68.34 | NOTE | |||
r-devel-windows-x86_64 | 1.1 | 7.00 | 201.00 | 208.00 | NOTE | |
r-patched-linux-x86_64 | 1.1 | 7.40 | 44.39 | 51.79 | NOTE | |
r-release-linux-x86_64 | 1.1 | 5.17 | 44.86 | 50.03 | NOTE | |
r-release-macos-arm64 | 1.1 | 21.00 | NOTE | |||
r-release-windows-x86_64 | 1.1 | 7.00 | 73.00 | 80.00 | NOTE | |
r-oldrel-macos-arm64 | 1.1 | 24.00 | NOTE | |||
r-oldrel-macos-x86_64 | 1.1 | 33.00 | NOTE | |||
r-oldrel-windows-x86_64 | 1.1 | 8.00 | 134.00 | 142.00 | NOTE |
Version: 1.1
Check: Rd files
Result: NOTE
checkRd: (-1) tv_episode_changes.Rd:29: Lost braces; missing escapes or markup?
29 | This method is used in conjunction with the /tv/{id}/changes method. This method uses the episode_id value found in the change entries.
| ^
checkRd: (-1) tv_season_changes.Rd:29: Lost braces; missing escapes or markup?
29 | This method is used in conjunction with the /tv/{id}/changes method. This method uses the season_id value found in the change entries.
| ^
Flavors: r-devel-linux-x86_64-debian-clang, r-devel-linux-x86_64-debian-gcc, r-devel-linux-x86_64-fedora-clang, r-devel-linux-x86_64-fedora-gcc, r-devel-windows-x86_64, r-patched-linux-x86_64, r-release-linux-x86_64, r-release-macos-arm64, r-release-windows-x86_64
Version: 1.1
Check: LazyData
Result: NOTE
'LazyData' is specified without a 'data' directory
Flavors: r-devel-linux-x86_64-debian-clang, r-devel-linux-x86_64-debian-gcc, r-devel-linux-x86_64-fedora-clang, r-devel-linux-x86_64-fedora-gcc, r-devel-windows-x86_64, r-patched-linux-x86_64, r-release-linux-x86_64, r-release-macos-arm64, r-release-windows-x86_64, r-oldrel-macos-arm64, r-oldrel-macos-x86_64, r-oldrel-windows-x86_64