Last updated on 2024-05-07 01:53:32 CEST.
Flavor | Version | Tinstall | Tcheck | Ttotal | Status | Flags |
---|---|---|---|---|---|---|
r-devel-linux-x86_64-debian-clang | 1.6.4 | 20.26 | 155.79 | 176.05 | NOTE | --no-vignettes |
r-devel-linux-x86_64-debian-gcc | 1.6.4 | 15.95 | 109.66 | 125.61 | NOTE | --no-vignettes |
r-devel-linux-x86_64-fedora-clang | 1.6.4 | 1027.55 | NOTE | |||
r-devel-linux-x86_64-fedora-gcc | 1.6.4 | 1046.64 | NOTE | |||
r-devel-windows-x86_64 | 1.6.4 | 19.00 | 149.00 | 168.00 | NOTE | --no-vignettes |
r-patched-linux-x86_64 | 1.6.4 | 25.82 | 147.56 | 173.38 | NOTE | --no-vignettes |
r-release-linux-x86_64 | 1.6.4 | 20.51 | 146.67 | 167.18 | NOTE | --no-vignettes |
r-release-macos-arm64 | 1.6.4 | 331.00 | OK | |||
r-release-macos-x86_64 | 1.6.4 | 784.00 | OK | |||
r-release-windows-x86_64 | 1.6.4 | 18.00 | 159.00 | 177.00 | NOTE | --no-vignettes |
r-oldrel-macos-arm64 | 1.6.4 | 323.00 | OK | |||
r-oldrel-macos-x86_64 | 1.6.4 | 747.00 | OK | |||
r-oldrel-windows-x86_64 | 1.6.4 | 24.00 | 171.00 | 195.00 | OK | --no-vignettes |
Version: 1.6.4
Flags: --no-vignettes
Check: HTML version of manual
Result: NOTE
Found the following HTML validation problems:
ypr_sel.html:113:1 (ypr_sel.Rd:31): Warning: trimming empty <li>
ypr_sel.html:112:1 (ypr_sel.Rd:31): Warning: trimming empty <ul>
Flavors: r-devel-linux-x86_64-debian-clang, r-devel-linux-x86_64-debian-gcc, r-devel-windows-x86_64, r-patched-linux-x86_64, r-release-linux-x86_64, r-release-windows-x86_64
Version: 1.6.4
Check: HTML version of manual
Result: NOTE
Found the following HTML validation problems:
ypr_sel.html:113:1 (ypr_sel.Rd:31): Warning: trimming empty <li>
ypr_sel.html:112:1 (ypr_sel.Rd:31): Warning: trimming empty <ul>
Flavors: r-devel-linux-x86_64-fedora-clang, r-devel-linux-x86_64-fedora-gcc