Last updated on 2024-05-07 12:56:31 CEST.
Flavor | Version | Tinstall | Tcheck | Ttotal | Status | Flags |
---|---|---|---|---|---|---|
r-devel-linux-x86_64-debian-clang | 0.1.0 | 31.87 | 307.27 | 339.14 | NOTE | |
r-devel-linux-x86_64-debian-gcc | 0.1.0 | 27.36 | 213.32 | 240.68 | NOTE | |
r-devel-linux-x86_64-fedora-clang | 0.1.0 | 402.30 | NOTE | |||
r-devel-linux-x86_64-fedora-gcc | 0.1.0 | 527.33 | NOTE | |||
r-devel-windows-x86_64 | 0.1.0 | 26.00 | 179.00 | 205.00 | NOTE | |
r-patched-linux-x86_64 | 0.1.0 | 26.77 | 286.98 | 313.75 | NOTE | |
r-release-linux-x86_64 | 0.1.0 | 26.68 | 288.02 | 314.70 | NOTE | |
r-release-macos-arm64 | 0.1.0 | 81.00 | NOTE | |||
r-release-windows-x86_64 | 0.1.0 | 26.00 | 185.00 | 211.00 | NOTE | |
r-oldrel-macos-arm64 | 0.1.0 | 90.00 | NOTE | |||
r-oldrel-macos-x86_64 | 0.1.0 | 180.00 | NOTE | |||
r-oldrel-windows-x86_64 | 0.1.0 | 34.00 | 240.00 | 274.00 | NOTE |
Version: 0.1.0
Check: LazyData
Result: NOTE
'LazyData' is specified without a 'data' directory
Flavors: r-devel-linux-x86_64-debian-clang, r-devel-linux-x86_64-debian-gcc, r-devel-linux-x86_64-fedora-clang, r-devel-linux-x86_64-fedora-gcc, r-devel-windows-x86_64, r-patched-linux-x86_64, r-release-linux-x86_64, r-release-macos-arm64, r-release-windows-x86_64, r-oldrel-macos-arm64, r-oldrel-macos-x86_64, r-oldrel-windows-x86_64