Last updated on 2024-05-08 00:50:03 CEST.
Flavor | Version | Tinstall | Tcheck | Ttotal | Status | Flags |
---|---|---|---|---|---|---|
r-devel-linux-x86_64-debian-clang | 1.0.10 | 16.96 | 177.54 | 194.50 | OK | |
r-devel-linux-x86_64-debian-gcc | 1.0.10 | 9.81 | 132.65 | 142.46 | OK | |
r-devel-linux-x86_64-fedora-clang | 1.0.10 | 227.15 | NOTE | |||
r-devel-linux-x86_64-fedora-gcc | 1.0.10 | 283.99 | OK | |||
r-devel-windows-x86_64 | 1.0.10 | 21.00 | 243.00 | 264.00 | NOTE | |
r-patched-linux-x86_64 | 1.0.10 | 14.19 | 170.38 | 184.57 | OK | |
r-release-linux-x86_64 | 1.0.10 | 15.08 | 168.68 | 183.76 | OK | |
r-release-macos-arm64 | 1.0.10 | 100.00 | NOTE | |||
r-release-macos-x86_64 | 1.0.10 | 218.00 | NOTE | |||
r-release-windows-x86_64 | 1.0.10 | 24.00 | 240.00 | 264.00 | NOTE | |
r-oldrel-macos-arm64 | 1.0.10 | 101.00 | NOTE | |||
r-oldrel-macos-x86_64 | 1.0.10 | 193.00 | NOTE | |||
r-oldrel-windows-x86_64 | 1.0.10 | 21.00 | 262.00 | 283.00 | NOTE |
Version: 1.0.10
Check: installed package size
Result: NOTE
installed size is 27.9Mb
sub-directories of 1Mb or more:
java 25.4Mb
Flavors: r-devel-linux-x86_64-fedora-clang, r-devel-windows-x86_64, r-release-macos-arm64, r-release-macos-x86_64, r-release-windows-x86_64, r-oldrel-macos-arm64, r-oldrel-macos-x86_64, r-oldrel-windows-x86_64