Last updated on 2024-05-07 12:56:00 CEST.
Flavor | Version | Tinstall | Tcheck | Ttotal | Status | Flags |
---|---|---|---|---|---|---|
r-devel-linux-x86_64-debian-clang | 2023.8.2.1 | 6.93 | 24.01 | 30.94 | OK | |
r-devel-linux-x86_64-debian-gcc | 2023.8.2.1 | 3.02 | 18.95 | 21.97 | OK | |
r-devel-linux-x86_64-fedora-clang | 2023.8.2.1 | 34.15 | NOTE | |||
r-devel-linux-x86_64-fedora-gcc | 2023.8.2.1 | 36.67 | OK | |||
r-devel-windows-x86_64 | 2023.8.2.1 | 10.00 | 46.00 | 56.00 | NOTE | |
r-patched-linux-x86_64 | 2023.8.2.1 | 3.76 | 23.39 | 27.15 | OK | |
r-release-linux-x86_64 | 2023.8.2.1 | 6.57 | 23.42 | 29.99 | OK | |
r-release-macos-arm64 | 2023.8.2.1 | 19.00 | NOTE | |||
r-release-windows-x86_64 | 2023.8.2.1 | 11.00 | 46.00 | 57.00 | NOTE | |
r-oldrel-macos-arm64 | 2023.8.2.1 | 32.00 | NOTE | |||
r-oldrel-macos-x86_64 | 2023.8.2.1 | 119.00 | NOTE | |||
r-oldrel-windows-x86_64 | 2023.8.2.1 | 10.00 | 44.00 | 54.00 | NOTE |
Version: 2023.8.2.1
Check: installed package size
Result: NOTE
installed size is 13.7Mb
sub-directories of 1Mb or more:
include 13.6Mb
Flavors: r-devel-linux-x86_64-fedora-clang, r-devel-windows-x86_64, r-release-macos-arm64, r-release-windows-x86_64, r-oldrel-macos-arm64, r-oldrel-macos-x86_64, r-oldrel-windows-x86_64