Last updated on 2024-05-08 00:49:39 CEST.
Flavor | Version | Tinstall | Tcheck | Ttotal | Status | Flags |
---|---|---|---|---|---|---|
r-devel-linux-x86_64-debian-clang | 0.6.6 | 63.73 | 166.51 | 230.24 | OK | |
r-devel-linux-x86_64-debian-gcc | 0.6.6 | 47.28 | 125.21 | 172.49 | OK | |
r-devel-linux-x86_64-fedora-clang | 0.6.6 | 324.87 | OK | |||
r-devel-linux-x86_64-fedora-gcc | 0.6.6 | 301.89 | OK | |||
r-devel-windows-x86_64 | 0.6.6 | 91.00 | 602.00 | 693.00 | OK | |
r-patched-linux-x86_64 | 0.6.6 | 44.81 | 159.30 | 204.11 | OK | |
r-release-linux-x86_64 | 0.6.6 | 51.75 | 157.65 | 209.40 | OK | |
r-release-macos-arm64 | 0.6.6 | 75.00 | NOTE | |||
r-release-macos-x86_64 | 0.6.6 | 180.00 | NOTE | |||
r-release-windows-x86_64 | 0.6.6 | 89.00 | 587.00 | 676.00 | OK | |
r-oldrel-macos-arm64 | 0.6.6 | 76.00 | NOTE | |||
r-oldrel-macos-x86_64 | 0.6.6 | 147.00 | NOTE | |||
r-oldrel-windows-x86_64 | 0.6.6 | 86.00 | 402.00 | 488.00 | OK |
Version: 0.6.6
Check: installed package size
Result: NOTE
installed size is 5.7Mb
sub-directories of 1Mb or more:
extdata 3.4Mb
libs 2.1Mb
Flavors: r-release-macos-arm64, r-release-macos-x86_64, r-oldrel-macos-arm64, r-oldrel-macos-x86_64