Last updated on 2024-05-07 12:56:01 CEST.
Flavor | Version | Tinstall | Tcheck | Ttotal | Status | Flags |
---|---|---|---|---|---|---|
r-devel-linux-x86_64-debian-clang | 2.0.2 | 4.52 | 42.15 | 46.67 | OK | |
r-devel-linux-x86_64-debian-gcc | 2.0.2 | 3.31 | 29.99 | 33.30 | ERROR | |
r-devel-linux-x86_64-fedora-clang | 2.0.2 | 59.42 | OK | |||
r-devel-linux-x86_64-fedora-gcc | 2.0.2 | 64.89 | OK | |||
r-devel-windows-x86_64 | 2.0.2 | 5.00 | 74.00 | 79.00 | OK | |
r-patched-linux-x86_64 | 2.0.2 | 3.81 | 40.23 | 44.04 | OK | |
r-release-linux-x86_64 | 2.0.2 | 3.64 | 40.46 | 44.10 | OK | |
r-release-macos-arm64 | 2.0.2 | 34.00 | OK | |||
r-release-windows-x86_64 | 2.0.2 | 5.00 | 71.00 | 76.00 | OK | |
r-oldrel-macos-arm64 | 2.0.2 | 44.00 | OK | |||
r-oldrel-macos-x86_64 | 2.0.2 | 264.00 | OK | |||
r-oldrel-windows-x86_64 | 2.0.2 | 7.00 | 73.00 | 80.00 | OK |
Version: 2.0.2
Check: examples
Result: ERROR
Running examples in ‘algaeClassify-Ex.R’ failed
The error most likely occurred in:
> base::assign(".ptime", proc.time(), pos = "CheckExEnv")
> ### Name: genus_search_itis
> ### Title: Wrapper function for several functions in ritis:: Searches ITIS
> ### database for matches to a genus name
> ### Aliases: genus_search_itis
>
> ### ** Examples
>
> genus='Anabaena'
> genus_search_itis(genus,higher=FALSE)
Error:
! The `x` argument of `as_tibble()` can't be missing as of tibble 3.0.0.
Backtrace:
▆
1. └─algaeClassify::genus_search_itis(genus, higher = FALSE)
2. └─ritis::accepted_names(tsn = tsn)
3. └─ritis:::parse_raw(out)
4. ├─tibble::as_tibble()
5. └─tibble:::as_tibble.NULL()
6. └─lifecycle::deprecate_stop("3.0.0", "as_tibble(x = 'can\\'t be missing')")
7. └─lifecycle:::deprecate_stop0(msg)
8. └─rlang::cnd_signal(...)
Execution halted
Flavor: r-devel-linux-x86_64-debian-gcc