Last updated on 2024-05-06 00:52:33 CEST.
Flavor | Version | Tinstall | Tcheck | Ttotal | Status | Flags |
---|---|---|---|---|---|---|
r-devel-linux-x86_64-debian-clang | 0.3 | 1.85 | 23.85 | 25.70 | OK | |
r-devel-linux-x86_64-debian-gcc | 0.3 | 1.41 | 18.62 | 20.03 | OK | |
r-devel-linux-x86_64-fedora-clang | 0.3 | 34.71 | NOTE | |||
r-devel-linux-x86_64-fedora-gcc | 0.3 | 31.88 | NOTE | |||
r-devel-windows-x86_64 | 0.3 | 3.00 | 40.00 | 43.00 | OK | |
r-patched-linux-x86_64 | 0.3 | 2.02 | 23.59 | 25.61 | OK | |
r-release-linux-x86_64 | 0.3 | 1.86 | 23.68 | 25.54 | OK | |
r-release-macos-arm64 | 0.3 | 15.00 | OK | |||
r-release-windows-x86_64 | 0.3 | 2.00 | 42.00 | 44.00 | OK | |
r-oldrel-macos-arm64 | 0.3 | 15.00 | OK | |||
r-oldrel-macos-x86_64 | 0.3 | 33.00 | OK | |||
r-oldrel-windows-x86_64 | 0.3 | 3.00 | 40.00 | 43.00 | OK |
Version: 0.3
Check: data for non-ASCII characters
Result: NOTE
Note: found 115 marked UTF-8 strings
Flavors: r-devel-linux-x86_64-fedora-clang, r-devel-linux-x86_64-fedora-gcc