Last updated on 2024-05-06 00:52:33 CEST.
Flavor | Version | Tinstall | Tcheck | Ttotal | Status | Flags |
---|---|---|---|---|---|---|
r-devel-linux-x86_64-debian-clang | 0.0.2 | 41.99 | 36.85 | 78.84 | NOTE | |
r-devel-linux-x86_64-debian-gcc | 0.0.2 | 28.41 | 28.51 | 56.92 | NOTE | |
r-devel-linux-x86_64-fedora-clang | 0.0.2 | 116.69 | NOTE | |||
r-devel-linux-x86_64-fedora-gcc | 0.0.2 | 119.57 | NOTE | |||
r-devel-windows-x86_64 | 0.0.2 | 30.00 | 65.00 | 95.00 | NOTE | |
r-patched-linux-x86_64 | 0.0.2 | 40.89 | 36.55 | 77.44 | NOTE | |
r-release-linux-x86_64 | 0.0.2 | 38.45 | 36.62 | 75.07 | NOTE | |
r-release-macos-arm64 | 0.0.2 | 33.00 | NOTE | |||
r-release-windows-x86_64 | 0.0.2 | 29.00 | 70.00 | 99.00 | NOTE | |
r-oldrel-macos-arm64 | 0.0.2 | 37.00 | NOTE | |||
r-oldrel-macos-x86_64 | 0.0.2 | 59.00 | NOTE | |||
r-oldrel-windows-x86_64 | 0.0.2 | 30.00 | 75.00 | 105.00 | NOTE |
Version: 0.0.2
Check: C++ specification
Result: NOTE
Specified C++11: please drop specification unless essential
Flavors: r-devel-linux-x86_64-debian-clang, r-devel-linux-x86_64-debian-gcc, r-devel-linux-x86_64-fedora-clang, r-devel-linux-x86_64-fedora-gcc, r-devel-windows-x86_64, r-patched-linux-x86_64, r-release-linux-x86_64, r-release-macos-arm64, r-release-windows-x86_64, r-oldrel-macos-arm64, r-oldrel-macos-x86_64, r-oldrel-windows-x86_64
Version: 0.0.2
Check: LazyData
Result: NOTE
'LazyData' is specified without a 'data' directory
Flavors: r-devel-linux-x86_64-debian-clang, r-devel-linux-x86_64-debian-gcc, r-devel-linux-x86_64-fedora-clang, r-devel-linux-x86_64-fedora-gcc, r-devel-windows-x86_64, r-patched-linux-x86_64, r-release-linux-x86_64, r-release-macos-arm64, r-release-windows-x86_64, r-oldrel-macos-arm64, r-oldrel-macos-x86_64, r-oldrel-windows-x86_64