Last updated on 2024-05-07 12:56:01 CEST.
Flavor | Version | Tinstall | Tcheck | Ttotal | Status | Flags |
---|---|---|---|---|---|---|
r-devel-linux-x86_64-debian-clang | 0.3.0 | 4.26 | 190.29 | 194.55 | NOTE | |
r-devel-linux-x86_64-debian-gcc | 0.3.0 | 2.60 | 133.96 | 136.56 | NOTE | |
r-devel-linux-x86_64-fedora-clang | 0.3.0 | 243.18 | NOTE | |||
r-devel-linux-x86_64-fedora-gcc | 0.3.0 | 250.95 | NOTE | |||
r-devel-windows-x86_64 | 0.3.0 | 6.00 | 183.00 | 189.00 | NOTE | |
r-patched-linux-x86_64 | 0.3.0 | 4.77 | 184.26 | 189.03 | NOTE | |
r-release-linux-x86_64 | 0.3.0 | 3.63 | 180.97 | 184.60 | NOTE | |
r-release-macos-arm64 | 0.3.0 | 65.00 | NOTE | |||
r-release-windows-x86_64 | 0.3.0 | 5.00 | 147.00 | 152.00 | NOTE | |
r-oldrel-macos-arm64 | 0.3.0 | 63.00 | OK | |||
r-oldrel-macos-x86_64 | 0.3.0 | 160.00 | OK | |||
r-oldrel-windows-x86_64 | 0.3.0 | 6.00 | 189.00 | 195.00 | OK |
Version: 0.3.0
Check: Rd files
Result: NOTE
checkRd: (-1) noauto_scorecard.Rd:20: Lost braces; missing escapes or markup?
20 | \item{fit}{See glm {stats}.}
| ^
checkRd: (-1) noauto_scorecard2.Rd:21: Lost braces; missing escapes or markup?
21 | \item{fit}{See glm {stats}.}
| ^
Flavors: r-devel-linux-x86_64-debian-clang, r-devel-linux-x86_64-debian-gcc, r-devel-linux-x86_64-fedora-clang, r-devel-linux-x86_64-fedora-gcc, r-devel-windows-x86_64, r-patched-linux-x86_64, r-release-linux-x86_64, r-release-macos-arm64, r-release-windows-x86_64