Last updated on 2024-05-07 01:53:04 CEST.
Flavor | Version | Tinstall | Tcheck | Ttotal | Status | Flags |
---|---|---|---|---|---|---|
r-devel-linux-x86_64-debian-clang | 0.0.2 | 7.47 | 37.74 | 45.21 | OK | |
r-devel-linux-x86_64-debian-gcc | 0.0.2 | 5.57 | 28.83 | 34.40 | OK | |
r-devel-linux-x86_64-fedora-clang | 0.0.2 | 57.28 | NOTE | |||
r-devel-linux-x86_64-fedora-gcc | 0.0.2 | 72.46 | NOTE | |||
r-devel-windows-x86_64 | 0.0.2 | 7.00 | 45.00 | 52.00 | OK | |
r-patched-linux-x86_64 | 0.0.2 | 7.10 | 35.77 | 42.87 | OK | |
r-release-linux-x86_64 | 0.0.2 | 7.99 | 37.54 | 45.53 | OK | |
r-release-macos-arm64 | 0.0.2 | 23.00 | OK | |||
r-release-windows-x86_64 | 0.0.2 | 8.00 | 47.00 | 55.00 | OK | |
r-oldrel-macos-arm64 | 0.0.2 | 26.00 | OK | |||
r-oldrel-macos-x86_64 | 0.0.2 | 38.00 | OK | |||
r-oldrel-windows-x86_64 | 0.0.2 | 10.00 | 65.00 | 75.00 | OK |
Version: 0.0.2
Check: data for non-ASCII characters
Result: NOTE
Note: found 135648 marked UTF-8 strings
Flavors: r-devel-linux-x86_64-fedora-clang, r-devel-linux-x86_64-fedora-gcc