Last updated on 2024-05-08 00:49:40 CEST.
Flavor | Version | Tinstall | Tcheck | Ttotal | Status | Flags |
---|---|---|---|---|---|---|
r-devel-linux-x86_64-debian-clang | 1.1.5 | 12.63 | 135.98 | 148.61 | OK | |
r-devel-linux-x86_64-debian-gcc | 1.1.5 | 10.59 | 98.05 | 108.64 | OK | |
r-devel-linux-x86_64-fedora-clang | 1.1.5 | 188.40 | NOTE | |||
r-devel-linux-x86_64-fedora-gcc | 1.1.5 | 237.06 | OK | |||
r-devel-windows-x86_64 | 1.1.5 | 15.00 | 109.00 | 124.00 | OK | |
r-patched-linux-x86_64 | 1.1.5 | 13.52 | 125.18 | 138.70 | OK | |
r-release-linux-x86_64 | 1.1.5 | 13.54 | 126.73 | 140.27 | OK | |
r-release-macos-arm64 | 1.1.5 | 62.00 | OK | |||
r-release-macos-x86_64 | 1.1.5 | 117.00 | OK | |||
r-release-windows-x86_64 | 1.1.5 | 14.00 | 109.00 | 123.00 | OK | |
r-oldrel-macos-arm64 | 1.1.5 | 65.00 | OK | |||
r-oldrel-macos-x86_64 | 1.1.5 | 98.00 | OK | |||
r-oldrel-windows-x86_64 | 1.1.5 | 20.00 | 135.00 | 155.00 | OK |
Version: 1.1.5
Check: Rd cross-references
Result: NOTE
Undeclared package ‘generics’ in Rd xrefs
Flavor: r-devel-linux-x86_64-fedora-clang