Last updated on 2024-05-07 12:56:02 CEST.
Flavor | Version | Tinstall | Tcheck | Ttotal | Status | Flags |
---|---|---|---|---|---|---|
r-devel-linux-x86_64-debian-clang | 0.5.0 | 108.51 | 64.08 | 172.59 | OK | |
r-devel-linux-x86_64-debian-gcc | 0.5.0 | 86.65 | 52.22 | 138.87 | OK | |
r-devel-linux-x86_64-fedora-clang | 0.5.0 | 240.44 | OK | |||
r-devel-linux-x86_64-fedora-gcc | 0.5.0 | 319.93 | OK | |||
r-devel-windows-x86_64 | 0.5.0 | 82.00 | 101.00 | 183.00 | OK | |
r-patched-linux-x86_64 | 0.5.0 | 103.64 | 66.33 | 169.97 | OK | |
r-release-linux-x86_64 | 0.5.0 | 112.57 | 67.00 | 179.57 | OK | |
r-release-macos-arm64 | 0.5.0 | 57.00 | NOTE | |||
r-release-macos-x86_64 | 0.5.0 | 156.00 | NOTE | |||
r-release-windows-x86_64 | 0.5.0 | 81.00 | 101.00 | 182.00 | OK | |
r-oldrel-macos-arm64 | 0.5.0 | 74.00 | NOTE | |||
r-oldrel-macos-x86_64 | 0.5.0 | 163.00 | NOTE | |||
r-oldrel-windows-x86_64 | 0.5.0 | 98.00 | 118.00 | 216.00 | OK |
Version: 0.5.0
Check: installed package size
Result: NOTE
installed size is 12.2Mb
sub-directories of 1Mb or more:
libs 11.6Mb
Flavors: r-release-macos-arm64, r-release-macos-x86_64, r-oldrel-macos-arm64, r-oldrel-macos-x86_64