Last updated on 2024-07-18 01:55:26 CEST.
Flavor | Version | Tinstall | Tcheck | Ttotal | Status | Flags |
---|---|---|---|---|---|---|
r-devel-linux-x86_64-debian-clang | 1.1.1 | 3.66 | 32.67 | 36.33 | NOTE | |
r-devel-linux-x86_64-debian-gcc | 1.1.1 | 2.69 | 23.97 | 26.66 | NOTE | |
r-devel-linux-x86_64-fedora-clang | 1.1.1 | 45.12 | NOTE | |||
r-devel-linux-x86_64-fedora-gcc | 1.1.1 | 43.53 | NOTE | |||
r-devel-windows-x86_64 | 1.1.1 | 3.00 | 46.00 | 49.00 | NOTE | |
r-patched-linux-x86_64 | 1.1.1 | 3.21 | 30.64 | 33.85 | NOTE | |
r-release-linux-x86_64 | 1.1.1 | 3.27 | 30.41 | 33.68 | NOTE | |
r-release-macos-arm64 | 1.1.1 | 18.00 | NOTE | |||
r-release-macos-x86_64 | 1.1.1 | 36.00 | NOTE | |||
r-release-windows-x86_64 | 1.1.1 | 4.00 | 45.00 | 49.00 | NOTE | |
r-oldrel-macos-arm64 | 1.1.1 | 21.00 | NOTE | |||
r-oldrel-macos-x86_64 | 1.1.1 | 26.00 | NOTE | |||
r-oldrel-windows-x86_64 | 1.1.1 | 4.00 | 48.00 | 52.00 | NOTE |
Version: 1.1.1
Check: Rd files
Result: NOTE
checkRd: (-1) Jeffreysbs.Rd:17: Escaped LaTeX specials: \&
Flavors: r-devel-linux-x86_64-debian-clang, r-devel-linux-x86_64-debian-gcc, r-devel-linux-x86_64-fedora-clang, r-devel-linux-x86_64-fedora-gcc, r-devel-windows-x86_64, r-patched-linux-x86_64, r-release-linux-x86_64, r-release-macos-arm64, r-release-macos-x86_64, r-release-windows-x86_64, r-oldrel-macos-arm64, r-oldrel-macos-x86_64, r-oldrel-windows-x86_64