Last updated on 2024-05-07 12:56:02 CEST.
Flavor | Version | Tinstall | Tcheck | Ttotal | Status | Flags |
---|---|---|---|---|---|---|
r-devel-linux-x86_64-debian-clang | 1.6.0 | 132.22 | 116.41 | 248.63 | OK | |
r-devel-linux-x86_64-debian-gcc | 1.6.0 | 110.10 | 92.03 | 202.13 | OK | |
r-devel-linux-x86_64-fedora-clang | 1.6.0 | 359.98 | OK | |||
r-devel-linux-x86_64-fedora-gcc | 1.6.0 | 446.06 | OK | |||
r-devel-windows-x86_64 | 1.6.0 | 120.00 | 175.00 | 295.00 | OK | |
r-patched-linux-x86_64 | 1.6.0 | 135.67 | 115.78 | 251.45 | OK | |
r-release-linux-x86_64 | 1.6.0 | 141.24 | 117.63 | 258.87 | OK | |
r-release-macos-arm64 | 1.6.0 | 111.00 | NOTE | |||
r-release-macos-x86_64 | 1.6.0 | 211.00 | NOTE | |||
r-release-windows-x86_64 | 1.6.0 | 116.00 | 170.00 | 286.00 | OK | |
r-oldrel-macos-arm64 | 1.6.0 | 99.00 | NOTE | |||
r-oldrel-macos-x86_64 | 1.6.0 | 192.00 | NOTE | |||
r-oldrel-windows-x86_64 | 1.6.0 | 140.00 | 189.00 | 329.00 | OK |
Version: 1.6.0
Check: installed package size
Result: NOTE
installed size is 5.3Mb
sub-directories of 1Mb or more:
libs 4.3Mb
Flavors: r-release-macos-arm64, r-release-macos-x86_64, r-oldrel-macos-arm64, r-oldrel-macos-x86_64