Last updated on 2024-05-07 01:53:05 CEST.
Flavor | Version | Tinstall | Tcheck | Ttotal | Status | Flags |
---|---|---|---|---|---|---|
r-devel-linux-x86_64-debian-clang | 0.0.6 | 4.26 | 60.58 | 64.84 | OK | |
r-devel-linux-x86_64-debian-gcc | 0.0.6 | 3.31 | 46.04 | 49.35 | OK | |
r-devel-linux-x86_64-fedora-clang | 0.0.6 | 80.56 | NOTE | |||
r-devel-linux-x86_64-fedora-gcc | 0.0.6 | 106.77 | OK | |||
r-devel-windows-x86_64 | 0.0.6 | 5.00 | 92.00 | 97.00 | OK | |
r-patched-linux-x86_64 | 0.0.6 | 2.28 | 58.85 | 61.13 | OK | |
r-release-linux-x86_64 | 0.0.6 | 3.29 | 57.17 | 60.46 | OK | |
r-release-macos-arm64 | 0.0.6 | 37.00 | OK | |||
r-release-windows-x86_64 | 0.0.6 | 5.00 | 90.00 | 95.00 | OK | |
r-oldrel-macos-arm64 | 0.0.6 | 41.00 | OK | |||
r-oldrel-macos-x86_64 | 0.0.6 | 42.00 | OK | |||
r-oldrel-windows-x86_64 | 0.0.6 | 6.00 | 94.00 | 100.00 | OK |
Version: 0.0.6
Check: Rd cross-references
Result: NOTE
Undeclared packages ‘tint’, ‘pinp’, ‘linl’ in Rd xrefs
Flavor: r-devel-linux-x86_64-fedora-clang