Last updated on 2024-05-08 00:49:40 CEST.
Flavor | Version | Tinstall | Tcheck | Ttotal | Status | Flags |
---|---|---|---|---|---|---|
r-devel-linux-x86_64-debian-clang | 0.1.9 | 8.20 | 73.68 | 81.88 | NOTE | |
r-devel-linux-x86_64-debian-gcc | 0.1.9 | 6.94 | 56.94 | 63.88 | NOTE | |
r-devel-linux-x86_64-fedora-clang | 0.1.9 | 103.02 | NOTE | |||
r-devel-linux-x86_64-fedora-gcc | 0.1.9 | 151.60 | NOTE | |||
r-devel-windows-x86_64 | 0.1.9 | 9.00 | 76.00 | 85.00 | NOTE | |
r-patched-linux-x86_64 | 0.1.9 | 10.58 | 72.91 | 83.49 | NOTE | |
r-release-linux-x86_64 | 0.1.9 | 11.14 | 72.28 | 83.42 | NOTE | |
r-release-macos-arm64 | 0.1.9 | 37.00 | NOTE | |||
r-release-windows-x86_64 | 0.1.9 | 9.00 | 74.00 | 83.00 | NOTE | |
r-oldrel-macos-arm64 | 0.1.9 | 40.00 | NOTE | |||
r-oldrel-macos-x86_64 | 0.1.9 | 88.00 | NOTE | |||
r-oldrel-windows-x86_64 | 0.1.9 | 12.00 | 88.00 | 100.00 | NOTE |
Version: 0.1.9
Check: package dependencies
Result: NOTE
Package suggested but not available for checking: ‘bshazard’
Flavors: r-devel-linux-x86_64-debian-clang, r-devel-linux-x86_64-debian-gcc, r-devel-linux-x86_64-fedora-clang, r-devel-linux-x86_64-fedora-gcc, r-patched-linux-x86_64, r-release-linux-x86_64
Version: 0.1.9
Check: installed package size
Result: NOTE
installed size is 6.1Mb
sub-directories of 1Mb or more:
doc 5.5Mb
Flavors: r-devel-linux-x86_64-fedora-clang, r-devel-windows-x86_64, r-release-macos-arm64, r-release-windows-x86_64, r-oldrel-macos-arm64, r-oldrel-macos-x86_64, r-oldrel-windows-x86_64