Last updated on 2024-05-07 12:56:03 CEST.
Flavor | Version | Tinstall | Tcheck | Ttotal | Status | Flags |
---|---|---|---|---|---|---|
r-devel-linux-x86_64-debian-clang | 0.2.6 | 118.01 | 104.71 | 222.72 | OK | |
r-devel-linux-x86_64-debian-gcc | 0.2.6 | 94.27 | 78.67 | 172.94 | OK | |
r-devel-linux-x86_64-fedora-clang | 0.2.6 | 333.85 | OK | |||
r-devel-linux-x86_64-fedora-gcc | 0.2.6 | 378.85 | OK | |||
r-devel-windows-x86_64 | 0.2.6 | 97.00 | 115.00 | 212.00 | OK | |
r-patched-linux-x86_64 | 0.2.6 | 114.98 | 98.57 | 213.55 | OK | |
r-release-linux-x86_64 | 0.2.6 | 115.44 | 100.43 | 215.87 | OK | |
r-release-macos-arm64 | 0.2.6 | 73.00 | NOTE | |||
r-release-windows-x86_64 | 0.2.6 | 95.00 | 115.00 | 210.00 | OK | |
r-oldrel-macos-arm64 | 0.2.6 | 84.00 | NOTE | |||
r-oldrel-macos-x86_64 | 0.2.6 | 135.00 | NOTE | |||
r-oldrel-windows-x86_64 | 0.2.6 | 112.00 | 141.00 | 253.00 | OK |
Version: 0.2.6
Check: installed package size
Result: NOTE
installed size is 7.0Mb
sub-directories of 1Mb or more:
libs 6.6Mb
Flavors: r-release-macos-arm64, r-oldrel-macos-arm64, r-oldrel-macos-x86_64