Last updated on 2024-05-04 12:47:52 CEST.
Flavor | Version | Tinstall | Tcheck | Ttotal | Status | Flags |
---|---|---|---|---|---|---|
r-devel-linux-x86_64-debian-clang | 1.0.3 | 49.62 | 111.69 | 161.31 | NOTE | |
r-devel-linux-x86_64-debian-gcc | 1.0.3 | 44.65 | 78.24 | 122.89 | NOTE | |
r-devel-linux-x86_64-fedora-clang | 1.0.3 | 222.08 | NOTE | |||
r-devel-linux-x86_64-fedora-gcc | 1.0.3 | 229.69 | NOTE | |||
r-devel-windows-x86_64 | 1.0.3 | 45.00 | 150.00 | 195.00 | NOTE | |
r-patched-linux-x86_64 | 1.0.3 | 62.08 | 105.96 | 168.04 | NOTE | |
r-release-linux-x86_64 | 1.0.3 | 62.08 | 105.68 | 167.76 | NOTE | |
r-release-macos-arm64 | 1.0.3 | 64.00 | NOTE | |||
r-release-macos-x86_64 | 1.0.3 | 178.00 | NOTE | |||
r-release-windows-x86_64 | 1.0.3 | 45.00 | 141.00 | 186.00 | NOTE | |
r-oldrel-macos-arm64 | 1.0.3 | 67.00 | NOTE | |||
r-oldrel-macos-x86_64 | 1.0.3 | 162.00 | NOTE | |||
r-oldrel-windows-x86_64 | 1.0.3 | 57.00 | 172.00 | 229.00 | NOTE |
Version: 1.0.3
Check: for GNU extensions in Makefiles
Result: NOTE
GNU make is a SystemRequirements.
Flavors: r-devel-linux-x86_64-debian-clang, r-devel-linux-x86_64-debian-gcc, r-devel-linux-x86_64-fedora-clang, r-devel-linux-x86_64-fedora-gcc, r-devel-windows-x86_64, r-patched-linux-x86_64, r-release-linux-x86_64, r-release-macos-arm64, r-release-macos-x86_64, r-release-windows-x86_64, r-oldrel-macos-arm64, r-oldrel-macos-x86_64, r-oldrel-windows-x86_64
Version: 1.0.3
Check: installed package size
Result: NOTE
installed size is 5.1Mb
sub-directories of 1Mb or more:
libs 4.7Mb
Flavors: r-release-macos-arm64, r-release-macos-x86_64, r-oldrel-macos-arm64, r-oldrel-macos-x86_64