Last updated on 2024-05-07 01:53:06 CEST.
Flavor | Version | Tinstall | Tcheck | Ttotal | Status | Flags |
---|---|---|---|---|---|---|
r-devel-linux-x86_64-debian-clang | 1.2.0 | 0.59 | 2.24 | 2.83 | ERROR | |
r-devel-linux-x86_64-debian-gcc | 1.2.0 | 28.64 | 320.84 | 349.48 | OK | |
r-devel-linux-x86_64-fedora-clang | 1.2.0 | 626.10 | OK | |||
r-devel-linux-x86_64-fedora-gcc | 1.2.0 | 703.37 | OK | |||
r-devel-windows-x86_64 | 1.2.0 | 28.00 | 300.00 | 328.00 | OK | |
r-patched-linux-x86_64 | 1.2.0 | 20.56 | 412.62 | 433.18 | OK | |
r-release-linux-x86_64 | 1.2.0 | 20.03 | 421.84 | 441.87 | OK | |
r-release-macos-arm64 | 1.2.0 | 165.00 | OK | |||
r-release-macos-x86_64 | 1.2.0 | 423.00 | OK | |||
r-release-windows-x86_64 | 1.2.0 | 29.00 | 294.00 | 323.00 | OK | |
r-oldrel-macos-arm64 | 1.2.0 | 184.00 | OK | |||
r-oldrel-macos-x86_64 | 1.2.0 | 381.00 | OK | |||
r-oldrel-windows-x86_64 | 1.2.0 | 36.00 | 389.00 | 425.00 | OK |
Version: 1.2.0
Check: package dependencies
Result: ERROR
Package required but not available: ‘sva’
See section ‘The DESCRIPTION file’ in the ‘Writing R Extensions’
manual.
Flavor: r-devel-linux-x86_64-debian-clang