Last updated on 2024-05-08 00:49:41 CEST.
Flavor | Version | Tinstall | Tcheck | Ttotal | Status | Flags |
---|---|---|---|---|---|---|
r-devel-linux-x86_64-debian-clang | 0.1.0 | 10.51 | 58.98 | 69.49 | NOTE | |
r-devel-linux-x86_64-debian-gcc | 0.1.0 | 6.96 | 43.65 | 50.61 | NOTE | |
r-devel-linux-x86_64-fedora-clang | 0.1.0 | 87.67 | NOTE | |||
r-devel-linux-x86_64-fedora-gcc | 0.1.0 | 136.49 | NOTE | |||
r-devel-windows-x86_64 | 0.1.0 | 8.00 | 68.00 | 76.00 | OK | |
r-patched-linux-x86_64 | 0.1.0 | 8.75 | 55.32 | 64.07 | NOTE | |
r-release-linux-x86_64 | 0.1.0 | 9.01 | 55.79 | 64.80 | NOTE | |
r-release-macos-arm64 | 0.1.0 | 28.00 | OK | |||
r-release-macos-x86_64 | 0.1.0 | 48.00 | OK | |||
r-release-windows-x86_64 | 0.1.0 | 8.00 | 69.00 | 77.00 | OK | |
r-oldrel-macos-arm64 | 0.1.0 | 28.00 | OK | |||
r-oldrel-macos-x86_64 | 0.1.0 | 43.00 | OK | |||
r-oldrel-windows-x86_64 | 0.1.0 | 10.00 | 76.00 | 86.00 | OK |
Version: 0.1.0
Check: for non-standard things in the check directory
Result: NOTE
Found the following files/directories:
‘figure01ceg.pdf’ ‘figure02ceg.pdf’ ‘staged.tree.graph.pdf’
‘stratified-event-tree-plot.pdf’
Flavors: r-devel-linux-x86_64-debian-clang, r-devel-linux-x86_64-debian-gcc, r-devel-linux-x86_64-fedora-clang, r-devel-linux-x86_64-fedora-gcc, r-patched-linux-x86_64, r-release-linux-x86_64