Last updated on 2024-05-07 01:53:06 CEST.
Flavor | Version | Tinstall | Tcheck | Ttotal | Status | Flags |
---|---|---|---|---|---|---|
r-devel-linux-x86_64-debian-clang | 2023.11-29 | 85.78 | 238.69 | 324.47 | OK | |
r-devel-linux-x86_64-debian-gcc | 2023.11-29 | 70.75 | 165.21 | 235.96 | OK | |
r-devel-linux-x86_64-fedora-clang | 2023.11-29 | 442.29 | OK | |||
r-devel-linux-x86_64-fedora-gcc | 2023.11-29 | 2.84 | ERROR | |||
r-devel-windows-x86_64 | 2023.11-29 | 59.00 | 5.00 | 64.00 | ERROR | |
r-patched-linux-x86_64 | 2023.11-29 | 59.85 | 234.36 | 294.21 | OK | |
r-release-linux-x86_64 | 2023.11-29 | 61.80 | 223.55 | 285.35 | OK | |
r-release-macos-arm64 | 2023.11-29 | 111.00 | OK | |||
r-release-windows-x86_64 | 2023.11-29 | 71.00 | 179.00 | 250.00 | OK | |
r-oldrel-macos-arm64 | 2023.11-29 | 109.00 | OK | |||
r-oldrel-macos-x86_64 | 2023.11-29 | 229.00 | OK | |||
r-oldrel-windows-x86_64 | 2023.11-29 | 88.00 | 237.00 | 325.00 | OK |
Version: 2023.11-29
Check: package dependencies
Result: ERROR
Package required but not available: ‘kyotil’
See section ‘The DESCRIPTION file’ in the ‘Writing R Extensions’
manual.
Flavor: r-devel-linux-x86_64-fedora-gcc
Version: 2023.11-29
Check: whether package can be installed
Result: ERROR
Installation failed.
Flavor: r-devel-windows-x86_64