Last updated on 2024-05-07 01:53:06 CEST.
Flavor | Version | Tinstall | Tcheck | Ttotal | Status | Flags |
---|---|---|---|---|---|---|
r-devel-linux-x86_64-debian-clang | 1.1.1 | 7.63 | 54.05 | 61.68 | OK | |
r-devel-linux-x86_64-debian-gcc | 1.1.1 | 6.43 | 42.10 | 48.53 | OK | |
r-devel-linux-x86_64-fedora-clang | 1.1.1 | 73.61 | NOTE | |||
r-devel-linux-x86_64-fedora-gcc | 1.1.1 | 103.55 | OK | |||
r-devel-windows-x86_64 | 1.1.1 | 7.00 | 67.00 | 74.00 | NOTE | |
r-patched-linux-x86_64 | 1.1.1 | 6.59 | 52.26 | 58.85 | OK | |
r-release-linux-x86_64 | 1.1.1 | 8.77 | 52.57 | 61.34 | OK | |
r-release-macos-arm64 | 1.1.1 | 27.00 | NOTE | |||
r-release-windows-x86_64 | 1.1.1 | 7.00 | 65.00 | 72.00 | NOTE | |
r-oldrel-macos-arm64 | 1.1.1 | 28.00 | NOTE | |||
r-oldrel-macos-x86_64 | 1.1.1 | 42.00 | NOTE | |||
r-oldrel-windows-x86_64 | 1.1.1 | 8.00 | 69.00 | 77.00 | NOTE |
Version: 1.1.1
Check: installed package size
Result: NOTE
installed size is 18.0Mb
sub-directories of 1Mb or more:
data 17.9Mb
Flavors: r-devel-linux-x86_64-fedora-clang, r-devel-windows-x86_64, r-release-macos-arm64, r-release-windows-x86_64, r-oldrel-macos-arm64, r-oldrel-macos-x86_64, r-oldrel-windows-x86_64