Last updated on 2024-05-07 01:53:06 CEST.
Flavor | Version | Tinstall | Tcheck | Ttotal | Status | Flags |
---|---|---|---|---|---|---|
r-devel-linux-x86_64-debian-clang | 0.2.1 | 8.70 | 103.77 | 112.47 | NOTE | |
r-devel-linux-x86_64-debian-gcc | 0.2.1 | 9.27 | 75.63 | 84.90 | NOTE | |
r-devel-linux-x86_64-fedora-clang | 0.2.1 | 154.43 | NOTE | |||
r-devel-linux-x86_64-fedora-gcc | 0.2.1 | 203.30 | NOTE | |||
r-devel-windows-x86_64 | 0.2.1 | 12.00 | 125.00 | 137.00 | NOTE | |
r-patched-linux-x86_64 | 0.2.1 | 11.61 | 98.08 | 109.69 | NOTE | |
r-release-linux-x86_64 | 0.2.1 | 13.51 | 99.00 | 112.51 | NOTE | |
r-release-macos-arm64 | 0.2.1 | 47.00 | NOTE | |||
r-release-windows-x86_64 | 0.2.1 | 11.00 | 127.00 | 138.00 | NOTE | |
r-oldrel-macos-arm64 | 0.2.1 | 43.00 | NOTE | |||
r-oldrel-macos-x86_64 | 0.2.1 | 62.00 | NOTE | |||
r-oldrel-windows-x86_64 | 0.2.1 | 14.00 | 122.00 | 136.00 | NOTE |
Version: 0.2.1
Check: package dependencies
Result: NOTE
Package suggested but not available for checking: ‘entab’
Flavors: r-devel-linux-x86_64-debian-clang, r-devel-linux-x86_64-debian-gcc, r-devel-linux-x86_64-fedora-clang, r-devel-linux-x86_64-fedora-gcc, r-devel-windows-x86_64, r-patched-linux-x86_64, r-release-linux-x86_64, r-release-macos-arm64, r-release-windows-x86_64, r-oldrel-windows-x86_64
Version: 0.2.1
Check: dependencies in R code
Result: NOTE
Namespace in Imports field not imported from: ‘readr’
All declared Imports should be used.
Flavors: r-devel-linux-x86_64-fedora-clang, r-devel-linux-x86_64-fedora-gcc
Version: 0.2.1
Check: package dependencies
Result: NOTE
Packages suggested but not available for checking: 'entab', 'mzR'
Flavors: r-oldrel-macos-arm64, r-oldrel-macos-x86_64