Last updated on 2024-05-02 01:56:55 CEST.
Flavor | Version | Tinstall | Tcheck | Ttotal | Status | Flags |
---|---|---|---|---|---|---|
r-devel-linux-x86_64-debian-clang | 1.0.3 | 47.82 | 43.34 | 91.16 | NOTE | |
r-devel-linux-x86_64-debian-gcc | 1.0.3 | 32.10 | 32.21 | 64.31 | NOTE | |
r-devel-linux-x86_64-fedora-clang | 1.0.3 | 125.57 | NOTE | |||
r-devel-linux-x86_64-fedora-gcc | 1.0.3 | 125.68 | NOTE | |||
r-devel-windows-x86_64 | 1.0.3 | 36.00 | 73.00 | 109.00 | NOTE | |
r-patched-linux-x86_64 | 1.0.3 | 44.50 | 41.59 | 86.09 | NOTE | |
r-release-linux-x86_64 | 1.0.3 | 44.39 | 40.80 | 85.19 | NOTE | |
r-release-macos-arm64 | 1.0.3 | 30.00 | NOTE | |||
r-release-windows-x86_64 | 1.0.3 | 34.00 | 73.00 | 107.00 | NOTE | |
r-oldrel-macos-arm64 | 1.0.3 | 36.00 | NOTE | |||
r-oldrel-macos-x86_64 | 1.0.3 | 56.00 | NOTE | |||
r-oldrel-windows-x86_64 | 1.0.3 | 32.00 | 83.00 | 115.00 | NOTE |
Version: 1.0.3
Check: LazyData
Result: NOTE
'LazyData' is specified without a 'data' directory
Flavors: r-devel-linux-x86_64-debian-clang, r-devel-linux-x86_64-debian-gcc, r-devel-linux-x86_64-fedora-clang, r-devel-linux-x86_64-fedora-gcc, r-devel-windows-x86_64, r-patched-linux-x86_64, r-release-linux-x86_64, r-release-macos-arm64, r-release-windows-x86_64, r-oldrel-macos-arm64, r-oldrel-macos-x86_64, r-oldrel-windows-x86_64