Last updated on 2024-05-07 01:53:07 CEST.
Flavor | Version | Tinstall | Tcheck | Ttotal | Status | Flags |
---|---|---|---|---|---|---|
r-devel-linux-x86_64-debian-clang | 2023.8-27 | 2.57 | 36.22 | 38.79 | OK | |
r-devel-linux-x86_64-debian-gcc | 2023.8-27 | 1.96 | 27.47 | 29.43 | OK | |
r-devel-linux-x86_64-fedora-clang | 2023.8-27 | 52.38 | OK | |||
r-devel-linux-x86_64-fedora-gcc | 2023.8-27 | 2.68 | ERROR | |||
r-devel-windows-x86_64 | 2023.8-27 | 2.00 | 5.00 | 7.00 | ERROR | |
r-patched-linux-x86_64 | 2023.8-27 | 1.88 | 34.14 | 36.02 | OK | |
r-release-linux-x86_64 | 2023.8-27 | 2.84 | 35.39 | 38.23 | OK | |
r-release-macos-arm64 | 2023.8-27 | 24.00 | OK | |||
r-release-windows-x86_64 | 2023.8-27 | 4.00 | 50.00 | 54.00 | OK | |
r-oldrel-macos-arm64 | 2023.8-27 | 26.00 | OK | |||
r-oldrel-macos-x86_64 | 2023.8-27 | 60.00 | OK | |||
r-oldrel-windows-x86_64 | 2023.8-27 | 3.00 | 50.00 | 53.00 | OK |
Version: 2023.8-27
Check: package dependencies
Result: ERROR
Package required but not available: ‘kyotil’
See section ‘The DESCRIPTION file’ in the ‘Writing R Extensions’
manual.
Flavor: r-devel-linux-x86_64-fedora-gcc
Version: 2023.8-27
Check: whether package can be installed
Result: ERROR
Installation failed.
Flavor: r-devel-windows-x86_64