Last updated on 2024-05-08 00:49:42 CEST.
Flavor | Version | Tinstall | Tcheck | Ttotal | Status | Flags |
---|---|---|---|---|---|---|
r-devel-linux-x86_64-debian-clang | 1.5.2 | 4.31 | 37.50 | 41.81 | NOTE | |
r-devel-linux-x86_64-debian-gcc | 1.5.2 | 2.23 | 28.68 | 30.91 | NOTE | |
r-devel-linux-x86_64-fedora-clang | 1.5.2 | 52.58 | NOTE | |||
r-devel-linux-x86_64-fedora-gcc | 1.5.2 | 59.20 | NOTE | |||
r-devel-windows-x86_64 | 1.5.2 | 5.00 | 53.00 | 58.00 | NOTE | |
r-patched-linux-x86_64 | 1.5.2 | 3.73 | 36.46 | 40.19 | NOTE | |
r-release-linux-x86_64 | 1.5.2 | 3.26 | 36.81 | 40.07 | NOTE | |
r-release-macos-arm64 | 1.5.2 | 19.00 | NOTE | |||
r-release-windows-x86_64 | 1.5.2 | 5.00 | 53.00 | 58.00 | NOTE | |
r-oldrel-macos-arm64 | 1.5.2 | 19.00 | OK | |||
r-oldrel-macos-x86_64 | 1.5.2 | 28.00 | OK | |||
r-oldrel-windows-x86_64 | 1.5.2 | 6.00 | 56.00 | 62.00 | OK |
Version: 1.5.2
Check: Rd files
Result: NOTE
checkRd: (-1) make_style.Rd:51: Lost braces
51 | The style (the code{...} argument) can be anything of the
| ^
Flavors: r-devel-linux-x86_64-debian-clang, r-devel-linux-x86_64-debian-gcc, r-devel-linux-x86_64-fedora-clang, r-devel-linux-x86_64-fedora-gcc, r-devel-windows-x86_64, r-patched-linux-x86_64, r-release-linux-x86_64, r-release-macos-arm64, r-release-windows-x86_64