Last updated on 2024-05-07 12:56:06 CEST.
Flavor | Version | Tinstall | Tcheck | Ttotal | Status | Flags |
---|---|---|---|---|---|---|
r-devel-linux-x86_64-debian-clang | 0.1.4 | 6.22 | 143.93 | 150.15 | NOTE | |
r-devel-linux-x86_64-debian-gcc | 0.1.4 | 6.43 | 101.31 | 107.74 | NOTE | |
r-devel-linux-x86_64-fedora-clang | 0.1.4 | 181.92 | NOTE | |||
r-devel-linux-x86_64-fedora-gcc | 0.1.4 | 205.70 | NOTE | |||
r-devel-windows-x86_64 | 0.1.4 | 9.00 | 125.00 | 134.00 | NOTE | |
r-patched-linux-x86_64 | 0.1.4 | 7.22 | 135.71 | 142.93 | NOTE | |
r-release-linux-x86_64 | 0.1.4 | 6.46 | 135.91 | 142.37 | NOTE | |
r-release-macos-arm64 | 0.1.4 | 51.00 | NOTE | |||
r-release-windows-x86_64 | 0.1.4 | 10.00 | 122.00 | 132.00 | NOTE | |
r-oldrel-macos-arm64 | 0.1.4 | 59.00 | OK | |||
r-oldrel-macos-x86_64 | 0.1.4 | 99.00 | OK | |||
r-oldrel-windows-x86_64 | 0.1.4 | 11.00 | 150.00 | 161.00 | OK |
Version: 0.1.4
Check: Rd files
Result: NOTE
checkRd: (-1) processFlow.Rd:14: Lost braces
14 | \item{roundDigits}{Integer. If NA, numerics are not rounded before comparison. If /code{roundDigits} is specified, numerics are
| ^
checkRd: (-1) processFlow.Rd:15: Lost braces
15 | rounded to /code{roundDigits} decimal places using \link[base]{round}.}
| ^
Flavors: r-devel-linux-x86_64-debian-clang, r-devel-linux-x86_64-debian-gcc, r-devel-linux-x86_64-fedora-clang, r-devel-linux-x86_64-fedora-gcc, r-devel-windows-x86_64, r-patched-linux-x86_64, r-release-linux-x86_64, r-release-macos-arm64, r-release-windows-x86_64