Last updated on 2024-05-07 12:56:06 CEST.
Flavor | Version | Tinstall | Tcheck | Ttotal | Status | Flags |
---|---|---|---|---|---|---|
r-devel-linux-x86_64-debian-clang | 0.1.0 | 13.15 | 134.79 | 147.94 | OK | |
r-devel-linux-x86_64-debian-gcc | 0.1.0 | 12.18 | 99.11 | 111.29 | OK | |
r-devel-linux-x86_64-fedora-clang | 0.1.0 | 195.72 | NOTE | |||
r-devel-linux-x86_64-fedora-gcc | 0.1.0 | 231.23 | NOTE | |||
r-devel-windows-x86_64 | 0.1.0 | 15.00 | 110.00 | 125.00 | OK | |
r-patched-linux-x86_64 | 0.1.0 | 10.27 | 125.58 | 135.85 | OK | |
r-release-linux-x86_64 | 0.1.0 | 13.42 | 128.07 | 141.49 | OK | |
r-release-macos-arm64 | 0.1.0 | 50.00 | OK | |||
r-release-macos-x86_64 | 0.1.0 | 93.00 | OK | |||
r-release-windows-x86_64 | 0.1.0 | 15.00 | 107.00 | 122.00 | OK | |
r-oldrel-macos-arm64 | 0.1.0 | 51.00 | OK | |||
r-oldrel-macos-x86_64 | 0.1.0 | 83.00 | OK | |||
r-oldrel-windows-x86_64 | 0.1.0 | 21.00 | 133.00 | 154.00 | OK |
Version: 0.1.0
Check: dependencies in R code
Result: NOTE
Namespaces in Imports field not imported from:
‘reticulate’ ‘tensorflow’
All declared Imports should be used.
Flavors: r-devel-linux-x86_64-fedora-clang, r-devel-linux-x86_64-fedora-gcc