Last updated on 2024-05-08 00:49:43 CEST.
Flavor | Version | Tinstall | Tcheck | Ttotal | Status | Flags |
---|---|---|---|---|---|---|
r-devel-linux-x86_64-debian-clang | 0.1.1 | 8.81 | 192.28 | 201.09 | OK | |
r-devel-linux-x86_64-debian-gcc | 0.1.1 | 8.23 | 135.30 | 143.53 | OK | |
r-devel-linux-x86_64-fedora-clang | 0.1.1 | 255.39 | NOTE | |||
r-devel-linux-x86_64-fedora-gcc | 0.1.1 | 295.97 | NOTE | |||
r-devel-windows-x86_64 | 0.1.1 | 9.00 | 145.00 | 154.00 | OK | |
r-patched-linux-x86_64 | 0.1.1 | 8.07 | 186.38 | 194.45 | OK | |
r-release-linux-x86_64 | 0.1.1 | 7.95 | 184.29 | 192.24 | OK | |
r-release-macos-arm64 | 0.1.1 | 62.00 | OK | |||
r-release-windows-x86_64 | 0.1.1 | 10.00 | 141.00 | 151.00 | OK | |
r-oldrel-macos-arm64 | 0.1.1 | 75.00 | OK | |||
r-oldrel-macos-x86_64 | 0.1.1 | 173.00 | OK | |||
r-oldrel-windows-x86_64 | 0.1.1 | 13.00 | 186.00 | 199.00 | OK |
Version: 0.1.1
Check: data for non-ASCII characters
Result: NOTE
Note: found 270 marked UTF-8 strings
Flavors: r-devel-linux-x86_64-fedora-clang, r-devel-linux-x86_64-fedora-gcc