Last updated on 2024-05-07 01:53:09 CEST.
Flavor | Version | Tinstall | Tcheck | Ttotal | Status | Flags |
---|---|---|---|---|---|---|
r-devel-linux-x86_64-debian-clang | 0.3.1 | 11.42 | 66.36 | 77.78 | OK | |
r-devel-linux-x86_64-debian-gcc | 0.3.1 | 8.08 | 50.45 | 58.53 | OK | |
r-devel-linux-x86_64-fedora-clang | 0.3.1 | 97.16 | NOTE | |||
r-devel-linux-x86_64-fedora-gcc | 0.3.1 | 132.47 | NOTE | |||
r-devel-windows-x86_64 | 0.3.1 | 10.00 | 71.00 | 81.00 | OK | |
r-patched-linux-x86_64 | 0.3.1 | 6.12 | 65.34 | 71.46 | OK | |
r-release-linux-x86_64 | 0.3.1 | 6.48 | 62.84 | 69.32 | OK | |
r-release-macos-arm64 | 0.3.1 | 29.00 | OK | |||
r-release-windows-x86_64 | 0.3.1 | 10.00 | 70.00 | 80.00 | OK | |
r-oldrel-macos-arm64 | 0.3.1 | 30.00 | OK | |||
r-oldrel-macos-x86_64 | 0.3.1 | 55.00 | OK | |||
r-oldrel-windows-x86_64 | 0.3.1 | 12.00 | 80.00 | 92.00 | OK |
Version: 0.3.1
Check: dependencies in R code
Result: NOTE
Namespaces in Imports field not imported from:
‘gridExtra’ ‘plotly’ ‘pryr’ ‘rpart’
All declared Imports should be used.
Flavors: r-devel-linux-x86_64-fedora-clang, r-devel-linux-x86_64-fedora-gcc