Last updated on 2024-05-07 12:56:07 CEST.
Flavor | Version | Tinstall | Tcheck | Ttotal | Status | Flags |
---|---|---|---|---|---|---|
r-devel-linux-x86_64-debian-clang | 0.1.0 | 5.25 | 29.94 | 35.19 | NOTE | |
r-devel-linux-x86_64-debian-gcc | 0.1.0 | 2.94 | 23.15 | 26.09 | NOTE | |
r-devel-linux-x86_64-fedora-clang | 0.1.0 | 41.28 | NOTE | |||
r-devel-linux-x86_64-fedora-gcc | 0.1.0 | 57.30 | NOTE | |||
r-devel-windows-x86_64 | 0.1.0 | 5.00 | 45.00 | 50.00 | NOTE | |
r-patched-linux-x86_64 | 0.1.0 | 4.04 | 28.28 | 32.32 | NOTE | |
r-release-linux-x86_64 | 0.1.0 | 4.55 | 28.96 | 33.51 | NOTE | |
r-release-macos-arm64 | 0.1.0 | 19.00 | NOTE | |||
r-release-windows-x86_64 | 0.1.0 | 6.00 | 44.00 | 50.00 | NOTE | |
r-oldrel-macos-arm64 | 0.1.0 | 19.00 | NOTE | |||
r-oldrel-macos-x86_64 | 0.1.0 | 24.00 | NOTE | |||
r-oldrel-windows-x86_64 | 0.1.0 | 6.00 | 46.00 | 52.00 | NOTE |
Version: 0.1.0
Check: LazyData
Result: NOTE
'LazyData' is specified without a 'data' directory
Flavors: r-devel-linux-x86_64-debian-clang, r-devel-linux-x86_64-debian-gcc, r-devel-linux-x86_64-fedora-clang, r-devel-linux-x86_64-fedora-gcc, r-devel-windows-x86_64, r-patched-linux-x86_64, r-release-linux-x86_64, r-release-macos-arm64, r-release-windows-x86_64, r-oldrel-macos-arm64, r-oldrel-macos-x86_64, r-oldrel-windows-x86_64