Last updated on 2024-05-02 01:56:57 CEST.
Flavor | Version | Tinstall | Tcheck | Ttotal | Status | Flags |
---|---|---|---|---|---|---|
r-devel-linux-x86_64-debian-clang | 0.1.1 | 2.05 | 38.17 | 40.22 | NOTE | |
r-devel-linux-x86_64-debian-gcc | 0.1.1 | 1.64 | 28.71 | 30.35 | NOTE | |
r-devel-linux-x86_64-fedora-clang | 0.1.1 | 52.48 | NOTE | |||
r-devel-linux-x86_64-fedora-gcc | 0.1.1 | 47.81 | NOTE | |||
r-devel-windows-x86_64 | 0.1.1 | 3.00 | 50.00 | 53.00 | NOTE | |
r-patched-linux-x86_64 | 0.1.1 | 1.86 | 37.83 | 39.69 | NOTE | |
r-release-linux-x86_64 | 0.1.1 | 2.07 | 36.00 | 38.07 | NOTE | |
r-release-macos-arm64 | 0.1.1 | 18.00 | NOTE | |||
r-release-windows-x86_64 | 0.1.1 | 3.00 | 49.00 | 52.00 | NOTE | |
r-oldrel-macos-arm64 | 0.1.1 | 20.00 | NOTE | |||
r-oldrel-macos-x86_64 | 0.1.1 | 27.00 | NOTE | |||
r-oldrel-windows-x86_64 | 0.1.1 | 3.00 | 54.00 | 57.00 | NOTE |
Version: 0.1.1
Check: LazyData
Result: NOTE
'LazyData' is specified without a 'data' directory
Flavors: r-devel-linux-x86_64-debian-clang, r-devel-linux-x86_64-debian-gcc, r-devel-linux-x86_64-fedora-clang, r-devel-linux-x86_64-fedora-gcc, r-devel-windows-x86_64, r-patched-linux-x86_64, r-release-linux-x86_64, r-release-macos-arm64, r-release-windows-x86_64, r-oldrel-macos-arm64, r-oldrel-macos-x86_64, r-oldrel-windows-x86_64