Last updated on 2024-05-07 01:53:10 CEST.
Flavor | Version | Tinstall | Tcheck | Ttotal | Status | Flags |
---|---|---|---|---|---|---|
r-devel-linux-x86_64-debian-clang | 0.1.0 | 0.88 | 2.72 | 3.60 | ERROR | |
r-devel-linux-x86_64-debian-gcc | 0.1.0 | 7.16 | 127.20 | 134.36 | OK | |
r-devel-linux-x86_64-fedora-clang | 0.1.0 | 268.43 | NOTE | |||
r-devel-linux-x86_64-fedora-gcc | 0.1.0 | 289.31 | NOTE | |||
r-devel-windows-x86_64 | 0.1.0 | 8.00 | 180.00 | 188.00 | OK | |
r-patched-linux-x86_64 | 0.1.0 | 5.35 | 189.77 | 195.12 | OK | |
r-release-linux-x86_64 | 0.1.0 | 5.49 | 193.54 | 199.03 | OK | |
r-release-macos-arm64 | 0.1.0 | 81.00 | OK | |||
r-release-macos-x86_64 | 0.1.0 | 174.00 | OK | |||
r-release-windows-x86_64 | 0.1.0 | 9.00 | 181.00 | 190.00 | OK | |
r-oldrel-macos-arm64 | 0.1.0 | 86.00 | OK | |||
r-oldrel-macos-x86_64 | 0.1.0 | 153.00 | OK | |||
r-oldrel-windows-x86_64 | 0.1.0 | 10.00 | 235.00 | 245.00 | OK |
Version: 0.1.0
Check: package dependencies
Result: ERROR
Package required but not available: ‘WGCNA’
See section ‘The DESCRIPTION file’ in the ‘Writing R Extensions’
manual.
Flavor: r-devel-linux-x86_64-debian-clang
Version: 0.1.0
Check: dependencies in R code
Result: NOTE
Namespace in Imports field not imported from: ‘pander’
All declared Imports should be used.
Flavors: r-devel-linux-x86_64-fedora-clang, r-devel-linux-x86_64-fedora-gcc