Last updated on 2024-05-07 12:56:07 CEST.
Flavor | Version | Tinstall | Tcheck | Ttotal | Status | Flags |
---|---|---|---|---|---|---|
r-devel-linux-x86_64-debian-clang | 0.2.1 | 10.26 | 117.67 | 127.93 | OK | |
r-devel-linux-x86_64-debian-gcc | 0.2.1 | 7.01 | 85.92 | 92.93 | OK | |
r-devel-linux-x86_64-fedora-clang | 0.2.1 | 160.68 | NOTE | |||
r-devel-linux-x86_64-fedora-gcc | 0.2.1 | 215.06 | NOTE | |||
r-devel-windows-x86_64 | 0.2.1 | 9.00 | 101.00 | 110.00 | OK | |
r-patched-linux-x86_64 | 0.2.1 | 7.63 | 112.29 | 119.92 | OK | |
r-release-linux-x86_64 | 0.2.1 | 7.96 | 110.41 | 118.37 | OK | |
r-release-macos-arm64 | 0.2.1 | 52.00 | OK | |||
r-release-windows-x86_64 | 0.2.1 | 10.00 | 99.00 | 109.00 | OK | |
r-oldrel-macos-arm64 | 0.2.1 | 45.00 | OK | |||
r-oldrel-macos-x86_64 | 0.2.1 | 94.00 | OK | |||
r-oldrel-windows-x86_64 | 0.2.1 | 13.00 | 119.00 | 132.00 | OK |
Version: 0.2.1
Check: data for non-ASCII characters
Result: NOTE
Note: found 6 marked UTF-8 strings
Flavors: r-devel-linux-x86_64-fedora-clang, r-devel-linux-x86_64-fedora-gcc