Last updated on 2024-06-30 00:59:13 CEST.
Flavor | Version | Tinstall | Tcheck | Ttotal | Status | Flags |
---|---|---|---|---|---|---|
r-devel-linux-x86_64-debian-clang | 0.1.2 | 23.14 | 193.74 | 216.88 | OK | |
r-devel-linux-x86_64-debian-gcc | 0.1.2 | 14.98 | 115.92 | 130.90 | OK | |
r-devel-linux-x86_64-fedora-clang | 0.1.2 | 277.19 | NOTE | |||
r-devel-linux-x86_64-fedora-gcc | 0.1.2 | 298.94 | NOTE | |||
r-devel-windows-x86_64 | 0.1.2 | 18.00 | 170.00 | 188.00 | OK | |
r-patched-linux-x86_64 | 0.1.2 | 17.49 | 156.34 | 173.83 | OK | |
r-release-linux-x86_64 | 0.1.2 | 16.34 | 161.99 | 178.33 | OK | |
r-release-macos-arm64 | 0.1.2 | 64.00 | OK | |||
r-release-macos-x86_64 | 0.1.2 | 121.00 | OK | |||
r-release-windows-x86_64 | 0.1.2 | 20.00 | 171.00 | 191.00 | OK | |
r-oldrel-macos-arm64 | 0.1.2 | 71.00 | OK | |||
r-oldrel-macos-x86_64 | 0.1.2 | 177.00 | OK | |||
r-oldrel-windows-x86_64 | 0.1.2 | 22.00 | 210.00 | 232.00 | OK |
Version: 0.1.2
Check: dependencies in R code
Result: NOTE
Namespace in Imports field not imported from: ‘mathjaxr’
All declared Imports should be used.
Flavors: r-devel-linux-x86_64-fedora-clang, r-devel-linux-x86_64-fedora-gcc