Last updated on 2024-05-08 00:49:44 CEST.
Flavor | Version | Tinstall | Tcheck | Ttotal | Status | Flags |
---|---|---|---|---|---|---|
r-devel-linux-x86_64-debian-clang | 1.2.0 | 7.64 | 53.09 | 60.73 | NOTE | |
r-devel-linux-x86_64-debian-gcc | 1.2.0 | 5.97 | 39.46 | 45.43 | NOTE | |
r-devel-linux-x86_64-fedora-clang | 1.2.0 | 77.33 | NOTE | |||
r-devel-linux-x86_64-fedora-gcc | 1.2.0 | 80.84 | NOTE | |||
r-devel-windows-x86_64 | 1.2.0 | 8.00 | 70.00 | 78.00 | NOTE | |
r-patched-linux-x86_64 | 1.2.0 | 8.81 | 51.21 | 60.02 | NOTE | |
r-release-linux-x86_64 | 1.2.0 | 9.75 | 51.74 | 61.49 | NOTE | |
r-release-macos-arm64 | 1.2.0 | 24.00 | NOTE | |||
r-release-windows-x86_64 | 1.2.0 | 8.00 | 71.00 | 79.00 | NOTE | |
r-oldrel-macos-arm64 | 1.2.0 | 28.00 | OK | |||
r-oldrel-macos-x86_64 | 1.2.0 | 36.00 | OK | |||
r-oldrel-windows-x86_64 | 1.2.0 | 10.00 | 78.00 | 88.00 | OK |
Version: 1.2.0
Check: Rd files
Result: NOTE
checkRd: (-1) docs_delete_by_query.Rd:47: Lost braces; missing escapes or markup?
47 | as a document at .tasks/task/${taskId}. This is yours to keep or remove
| ^
checkRd: (-1) docs_update_by_query.Rd:48: Lost braces; missing escapes or markup?
48 | as a document at .tasks/task/${taskId}. This is yours to keep or remove
| ^
Flavors: r-devel-linux-x86_64-debian-clang, r-devel-linux-x86_64-debian-gcc, r-devel-linux-x86_64-fedora-clang, r-devel-linux-x86_64-fedora-gcc, r-devel-windows-x86_64, r-patched-linux-x86_64, r-release-linux-x86_64, r-release-macos-arm64, r-release-windows-x86_64