Last updated on 2024-05-07 12:56:07 CEST.
Flavor | Version | Tinstall | Tcheck | Ttotal | Status | Flags |
---|---|---|---|---|---|---|
r-devel-linux-x86_64-debian-clang | 1.0.0 | 25.06 | 29.61 | 54.67 | NOTE | |
r-devel-linux-x86_64-debian-gcc | 1.0.0 | 15.52 | 23.21 | 38.73 | NOTE | |
r-devel-linux-x86_64-fedora-clang | 1.0.0 | 72.77 | NOTE | |||
r-devel-linux-x86_64-fedora-gcc | 1.0.0 | 122.91 | NOTE | |||
r-devel-windows-x86_64 | 1.0.0 | 19.00 | 65.00 | 84.00 | NOTE | |
r-patched-linux-x86_64 | 1.0.0 | 17.74 | 29.46 | 47.20 | NOTE | |
r-release-linux-x86_64 | 1.0.0 | 24.44 | 28.76 | 53.20 | NOTE | |
r-release-macos-arm64 | 1.0.0 | 26.00 | NOTE | |||
r-release-windows-x86_64 | 1.0.0 | 18.00 | 66.00 | 84.00 | NOTE | |
r-oldrel-macos-arm64 | 1.0.0 | 25.00 | NOTE | |||
r-oldrel-macos-x86_64 | 1.0.0 | 36.00 | NOTE | |||
r-oldrel-windows-x86_64 | 1.0.0 | 19.00 | 72.00 | 91.00 | NOTE |
Version: 1.0.0
Check: C++ specification
Result: NOTE
Specified C++11: please drop specification unless essential
Flavors: r-devel-linux-x86_64-debian-clang, r-devel-linux-x86_64-debian-gcc, r-devel-linux-x86_64-fedora-clang, r-devel-linux-x86_64-fedora-gcc, r-devel-windows-x86_64, r-patched-linux-x86_64, r-release-linux-x86_64, r-release-macos-arm64, r-release-windows-x86_64, r-oldrel-macos-arm64, r-oldrel-macos-x86_64, r-oldrel-windows-x86_64
Version: 1.0.0
Check: LazyData
Result: NOTE
'LazyData' is specified without a 'data' directory
Flavors: r-devel-linux-x86_64-debian-clang, r-devel-linux-x86_64-debian-gcc, r-devel-linux-x86_64-fedora-clang, r-devel-linux-x86_64-fedora-gcc, r-devel-windows-x86_64, r-patched-linux-x86_64, r-release-linux-x86_64, r-release-macos-arm64, r-release-windows-x86_64, r-oldrel-macos-arm64, r-oldrel-macos-x86_64, r-oldrel-windows-x86_64