Last updated on 2024-06-30 00:59:13 CEST.
Flavor | Version | Tinstall | Tcheck | Ttotal | Status | Flags |
---|---|---|---|---|---|---|
r-devel-linux-x86_64-debian-clang | 1.0-9 | 19.40 | 98.86 | 118.26 | OK | |
r-devel-linux-x86_64-debian-gcc | 1.0-9 | 13.42 | 73.14 | 86.56 | OK | |
r-devel-linux-x86_64-fedora-clang | 1.0-9 | 142.90 | OK | |||
r-devel-linux-x86_64-fedora-gcc | 1.0-9 | 135.24 | OK | |||
r-devel-windows-x86_64 | 1.0-9 | 17.00 | 99.00 | 116.00 | OK | |
r-patched-linux-x86_64 | 1.0-9 | 17.85 | 93.26 | 111.11 | OK | |
r-release-linux-x86_64 | 1.0-9 | 12.60 | 96.41 | 109.01 | OK | |
r-release-macos-arm64 | 1.0-9 | 43.00 | OK | |||
r-release-macos-x86_64 | 1.0-9 | 68.00 | OK | |||
r-release-windows-x86_64 | 1.0-9 | 15.00 | 101.00 | 116.00 | OK | |
r-oldrel-macos-arm64 | 1.0-9 | 44.00 | OK | |||
r-oldrel-macos-x86_64 | 1.0-9 | 64.00 | NOTE | |||
r-oldrel-windows-x86_64 | 1.0-9 | 20.00 | 122.00 | 142.00 | OK |
Version: 1.0-9
Check: package dependencies
Result: NOTE
Packages suggested but not available for checking:
'fields', 'lme4', 'rworldmap', 'statnet'
Flavor: r-oldrel-macos-x86_64