Last updated on 2024-05-04 12:47:57 CEST.
Flavor | Version | Tinstall | Tcheck | Ttotal | Status | Flags |
---|---|---|---|---|---|---|
r-devel-linux-x86_64-debian-clang | 0.2.0 | 9.02 | 70.01 | 79.03 | NOTE | |
r-devel-linux-x86_64-debian-gcc | 0.2.0 | 5.77 | 50.88 | 56.65 | NOTE | |
r-devel-linux-x86_64-fedora-clang | 0.2.0 | 102.16 | NOTE | |||
r-devel-linux-x86_64-fedora-gcc | 0.2.0 | 92.91 | NOTE | |||
r-devel-windows-x86_64 | 0.2.0 | 8.00 | 67.00 | 75.00 | NOTE | |
r-patched-linux-x86_64 | 0.2.0 | 6.31 | 64.02 | 70.33 | NOTE | |
r-release-linux-x86_64 | 0.2.0 | 5.65 | 66.01 | 71.66 | NOTE | |
r-release-macos-arm64 | 0.2.0 | 28.00 | NOTE | |||
r-release-windows-x86_64 | 0.2.0 | 8.00 | 70.00 | 78.00 | NOTE | |
r-oldrel-macos-arm64 | 0.2.0 | 34.00 | NOTE | |||
r-oldrel-macos-x86_64 | 0.2.0 | 46.00 | NOTE | |||
r-oldrel-windows-x86_64 | 0.2.0 | 10.00 | 148.00 | 158.00 | NOTE |
Version: 0.2.0
Check: package dependencies
Result: NOTE
Packages suggested but not available for checking:
'nCDunnett', 'reliaR', 'STAR'
Flavors: r-devel-linux-x86_64-debian-clang, r-devel-linux-x86_64-debian-gcc, r-devel-linux-x86_64-fedora-clang, r-devel-linux-x86_64-fedora-gcc, r-patched-linux-x86_64, r-release-linux-x86_64, r-release-macos-arm64
Version: 0.2.0
Check: package dependencies
Result: NOTE
Packages suggested but not available for checking: 'reliaR', 'STAR'
Flavors: r-devel-windows-x86_64, r-release-windows-x86_64, r-oldrel-windows-x86_64
Version: 0.2.0
Check: package dependencies
Result: NOTE
Packages suggested but not available for checking:
'benchden', 'reliaR', 'STAR'
Flavors: r-oldrel-macos-arm64, r-oldrel-macos-x86_64