Last updated on 2024-05-06 00:52:43 CEST.
Flavor | Version | Tinstall | Tcheck | Ttotal | Status | Flags |
---|---|---|---|---|---|---|
r-devel-linux-x86_64-debian-clang | 0.2.5 | 7.80 | 47.28 | 55.08 | OK | |
r-devel-linux-x86_64-debian-gcc | 0.2.5 | 5.73 | 36.12 | 41.85 | OK | |
r-devel-linux-x86_64-fedora-clang | 0.2.5 | 75.08 | NOTE | |||
r-devel-linux-x86_64-fedora-gcc | 0.2.5 | 65.16 | NOTE | |||
r-devel-windows-x86_64 | 0.2.5 | 7.00 | 58.00 | 65.00 | OK | |
r-patched-linux-x86_64 | 0.2.5 | 6.10 | 45.99 | 52.09 | OK | |
r-release-linux-x86_64 | 0.2.5 | 4.70 | 45.30 | 50.00 | OK | |
r-release-macos-arm64 | 0.2.5 | 24.00 | OK | |||
r-release-windows-x86_64 | 0.2.5 | 7.00 | 58.00 | 65.00 | OK | |
r-oldrel-macos-arm64 | 0.2.5 | 24.00 | OK | |||
r-oldrel-macos-x86_64 | 0.2.5 | 37.00 | OK | |||
r-oldrel-windows-x86_64 | 0.2.5 | 10.00 | 61.00 | 71.00 | OK |
Version: 0.2.5
Check: dependencies in R code
Result: NOTE
Namespaces in Imports field not imported from:
‘gargle’ ‘getProxy’ ‘rappsflyer’ ‘rfacebookstat’ ‘rgoogleads’
‘rmytarget’ ‘rvkstat’ ‘ryandexdirect’ ‘rym’ ‘tidyr’
All declared Imports should be used.
Flavors: r-devel-linux-x86_64-fedora-clang, r-devel-linux-x86_64-fedora-gcc