Last updated on 2024-05-07 12:56:09 CEST.
Flavor | Version | Tinstall | Tcheck | Ttotal | Status | Flags |
---|---|---|---|---|---|---|
r-devel-linux-x86_64-debian-clang | 1.0.5 | 11.33 | 140.37 | 151.70 | OK | |
r-devel-linux-x86_64-debian-gcc | 1.0.5 | 7.93 | 103.06 | 110.99 | OK | |
r-devel-linux-x86_64-fedora-clang | 1.0.5 | 192.83 | NOTE | |||
r-devel-linux-x86_64-fedora-gcc | 1.0.5 | 252.99 | OK | |||
r-devel-windows-x86_64 | 1.0.5 | 14.00 | 168.00 | 182.00 | OK | |
r-patched-linux-x86_64 | 1.0.5 | 13.25 | 132.82 | 146.07 | OK | |
r-release-linux-x86_64 | 1.0.5 | 11.29 | 135.70 | 146.99 | OK | |
r-release-macos-arm64 | 1.0.5 | 67.00 | OK | |||
r-release-macos-x86_64 | 1.0.5 | 202.00 | OK | |||
r-release-windows-x86_64 | 1.0.5 | 11.00 | 166.00 | 177.00 | OK | |
r-oldrel-macos-arm64 | 1.0.5 | 64.00 | OK | |||
r-oldrel-macos-x86_64 | 1.0.5 | 150.00 | OK | |||
r-oldrel-windows-x86_64 | 1.0.5 | 14.00 | 203.00 | 217.00 | OK |
Version: 1.0.5
Check: Rd cross-references
Result: NOTE
Undeclared package ‘hyperSpec’ in Rd xrefs
Flavor: r-devel-linux-x86_64-fedora-clang