Last updated on 2024-05-08 00:49:47 CEST.
Flavor | Version | Tinstall | Tcheck | Ttotal | Status | Flags |
---|---|---|---|---|---|---|
r-devel-linux-x86_64-debian-clang | 1.0.0 | 7.60 | 75.31 | 82.91 | NOTE | |
r-devel-linux-x86_64-debian-gcc | 1.0.0 | 6.64 | 55.74 | 62.38 | NOTE | |
r-devel-linux-x86_64-fedora-clang | 1.0.0 | 113.09 | NOTE | |||
r-devel-linux-x86_64-fedora-gcc | 1.0.0 | 153.19 | NOTE | |||
r-devel-windows-x86_64 | 1.0.0 | 8.00 | 68.00 | 76.00 | NOTE | |
r-patched-linux-x86_64 | 1.0.0 | 9.07 | 72.05 | 81.12 | NOTE | |
r-release-linux-x86_64 | 1.0.0 | 6.16 | 72.14 | 78.30 | NOTE | |
r-release-macos-arm64 | 1.0.0 | 33.00 | NOTE | |||
r-release-windows-x86_64 | 1.0.0 | 8.00 | 69.00 | 77.00 | NOTE | |
r-oldrel-macos-arm64 | 1.0.0 | 35.00 | NOTE | |||
r-oldrel-macos-x86_64 | 1.0.0 | 55.00 | NOTE | |||
r-oldrel-windows-x86_64 | 1.0.0 | 10.00 | 85.00 | 95.00 | NOTE |
Version: 1.0.0
Check: LazyData
Result: NOTE
'LazyData' is specified without a 'data' directory
Flavors: r-devel-linux-x86_64-debian-clang, r-devel-linux-x86_64-debian-gcc, r-devel-linux-x86_64-fedora-clang, r-devel-linux-x86_64-fedora-gcc, r-devel-windows-x86_64, r-patched-linux-x86_64, r-release-linux-x86_64, r-release-macos-arm64, r-release-windows-x86_64, r-oldrel-macos-arm64, r-oldrel-macos-x86_64, r-oldrel-windows-x86_64