Last updated on 2024-05-08 00:49:47 CEST.
Flavor | Version | Tinstall | Tcheck | Ttotal | Status | Flags |
---|---|---|---|---|---|---|
r-devel-linux-x86_64-debian-clang | 1.1.2 | 4.99 | 54.21 | 59.20 | NOTE | |
r-devel-linux-x86_64-debian-gcc | 1.1.2 | 4.40 | 38.48 | 42.88 | NOTE | |
r-devel-linux-x86_64-fedora-clang | 1.1.2 | 70.16 | NOTE | |||
r-devel-linux-x86_64-fedora-gcc | 1.1.2 | 115.53 | NOTE | |||
r-devel-windows-x86_64 | 1.1.2 | 6.00 | 59.00 | 65.00 | NOTE | |
r-patched-linux-x86_64 | 1.1.2 | 5.28 | 49.26 | 54.54 | NOTE | |
r-release-linux-x86_64 | 1.1.2 | 5.70 | 48.86 | 54.56 | NOTE | |
r-release-macos-arm64 | 1.1.2 | 25.00 | NOTE | |||
r-release-windows-x86_64 | 1.1.2 | 7.00 | 57.00 | 64.00 | NOTE | |
r-oldrel-macos-arm64 | 1.1.2 | 25.00 | NOTE | |||
r-oldrel-macos-x86_64 | 1.1.2 | 39.00 | NOTE | |||
r-oldrel-windows-x86_64 | 1.1.2 | 8.00 | 64.00 | 72.00 | NOTE |
Version: 1.1.2
Check: LazyData
Result: NOTE
'LazyData' is specified without a 'data' directory
Flavors: r-devel-linux-x86_64-debian-clang, r-devel-linux-x86_64-debian-gcc, r-devel-linux-x86_64-fedora-clang, r-devel-linux-x86_64-fedora-gcc, r-devel-windows-x86_64, r-patched-linux-x86_64, r-release-linux-x86_64, r-release-macos-arm64, r-release-windows-x86_64, r-oldrel-macos-arm64, r-oldrel-macos-x86_64, r-oldrel-windows-x86_64