Last updated on 2024-05-08 00:49:47 CEST.
Flavor | Version | Tinstall | Tcheck | Ttotal | Status | Flags |
---|---|---|---|---|---|---|
r-devel-linux-x86_64-debian-clang | 1.6.5 | 11.97 | 179.61 | 191.58 | NOTE | |
r-devel-linux-x86_64-debian-gcc | 1.6.5 | 8.15 | 133.52 | 141.67 | NOTE | |
r-devel-linux-x86_64-fedora-clang | 1.6.5 | 239.35 | NOTE | |||
r-devel-linux-x86_64-fedora-gcc | 1.6.5 | 296.64 | NOTE | |||
r-devel-windows-x86_64 | 1.6.5 | 12.00 | 143.00 | 155.00 | NOTE | |
r-patched-linux-x86_64 | 1.6.5 | 10.96 | 169.32 | 180.28 | NOTE | |
r-release-linux-x86_64 | 1.6.5 | 7.98 | 171.73 | 179.71 | NOTE | |
r-release-macos-arm64 | 1.6.5 | 72.00 | NOTE | |||
r-release-windows-x86_64 | 1.6.5 | 11.00 | 132.00 | 143.00 | NOTE | |
r-oldrel-macos-arm64 | 1.6.5 | 76.00 | NOTE | |||
r-oldrel-macos-x86_64 | 1.6.5 | 128.00 | NOTE | |||
r-oldrel-windows-x86_64 | 1.6.5 | 13.00 | 170.00 | 183.00 | NOTE |
Version: 1.6.5
Check: package subdirectories
Result: NOTE
Problems with news in ‘NEWS.md’:
Cannot extract version info from the following section titles:
* Changes all data options to .data to decrease possibility of column naming overlap
Flavors: r-devel-linux-x86_64-debian-clang, r-devel-linux-x86_64-debian-gcc, r-devel-linux-x86_64-fedora-clang, r-devel-linux-x86_64-fedora-gcc, r-devel-windows-x86_64, r-patched-linux-x86_64, r-release-linux-x86_64, r-release-macos-arm64, r-release-windows-x86_64, r-oldrel-macos-arm64, r-oldrel-macos-x86_64, r-oldrel-windows-x86_64