Last updated on 2024-05-08 00:49:47 CEST.
Flavor | Version | Tinstall | Tcheck | Ttotal | Status | Flags |
---|---|---|---|---|---|---|
r-devel-linux-x86_64-debian-clang | 1.6.3 | 20.69 | 87.73 | 108.42 | OK | |
r-devel-linux-x86_64-debian-gcc | 1.6.3 | 16.64 | 66.64 | 83.28 | OK | |
r-devel-linux-x86_64-fedora-clang | 1.6.3 | 134.48 | NOTE | |||
r-devel-linux-x86_64-fedora-gcc | 1.6.3 | 166.17 | NOTE | |||
r-devel-windows-x86_64 | 1.6.3 | 18.00 | 87.00 | 105.00 | OK | |
r-patched-linux-x86_64 | 1.6.3 | 18.09 | 83.71 | 101.80 | OK | |
r-release-linux-x86_64 | 1.6.3 | 14.14 | 85.35 | 99.49 | OK | |
r-release-macos-arm64 | 1.6.3 | 48.00 | OK | |||
r-release-windows-x86_64 | 1.6.3 | 19.00 | 86.00 | 105.00 | OK | |
r-oldrel-macos-arm64 | 1.6.3 | 48.00 | OK | |||
r-oldrel-macos-x86_64 | 1.6.3 | 71.00 | OK | |||
r-oldrel-windows-x86_64 | 1.6.3 | 22.00 | 98.00 | 120.00 | OK |
Version: 1.6.3
Check: dependencies in R code
Result: NOTE
Namespaces in Imports field not imported from:
‘magrittr’ ‘utils’
All declared Imports should be used.
Flavors: r-devel-linux-x86_64-fedora-clang, r-devel-linux-x86_64-fedora-gcc