Last updated on 2024-05-08 00:49:47 CEST.
Flavor | Version | Tinstall | Tcheck | Ttotal | Status | Flags |
---|---|---|---|---|---|---|
r-devel-linux-x86_64-debian-clang | 1.0.4 | 5.61 | 56.00 | 61.61 | OK | |
r-devel-linux-x86_64-debian-gcc | 1.0.4 | 4.37 | 42.45 | 46.82 | OK | |
r-devel-linux-x86_64-fedora-clang | 1.0.4 | 79.10 | NOTE | |||
r-devel-linux-x86_64-fedora-gcc | 1.0.4 | 122.16 | OK | |||
r-devel-windows-x86_64 | 1.0.4 | 7.00 | 62.00 | 69.00 | OK | |
r-patched-linux-x86_64 | 1.0.4 | 5.93 | 52.89 | 58.82 | OK | |
r-release-linux-x86_64 | 1.0.4 | 5.62 | 53.92 | 59.54 | OK | |
r-release-macos-arm64 | 1.0.4 | 32.00 | OK | |||
r-release-windows-x86_64 | 1.0.4 | 8.00 | 63.00 | 71.00 | OK | |
r-oldrel-macos-arm64 | 1.0.4 | 33.00 | OK | |||
r-oldrel-macos-x86_64 | 1.0.4 | 49.00 | OK | |||
r-oldrel-windows-x86_64 | 1.0.4 | 9.00 | 67.00 | 76.00 | OK |
Version: 1.0.4
Check: Rd cross-references
Result: NOTE
Undeclared package ‘rlang’ in Rd xrefs
Flavor: r-devel-linux-x86_64-fedora-clang