Last updated on 2024-06-30 00:59:15 CEST.
Flavor | Version | Tinstall | Tcheck | Ttotal | Status | Flags |
---|---|---|---|---|---|---|
r-devel-linux-x86_64-debian-clang | 0.1.3 | 2.78 | 201.48 | 204.26 | OK | |
r-devel-linux-x86_64-debian-gcc | 0.1.3 | 2.18 | 159.11 | 161.29 | OK | |
r-devel-linux-x86_64-fedora-clang | 0.1.3 | 268.88 | OK | |||
r-devel-linux-x86_64-fedora-gcc | 0.1.3 | 277.94 | OK | |||
r-devel-windows-x86_64 | 0.1.3 | 5.00 | 498.00 | 503.00 | OK | |
r-patched-linux-x86_64 | 0.1.3 | 2.53 | 202.27 | 204.80 | OK | |
r-release-linux-x86_64 | 0.1.3 | 2.34 | 199.52 | 201.86 | OK | |
r-release-macos-arm64 | 0.1.3 | 116.00 | OK | |||
r-release-macos-x86_64 | 0.1.3 | 280.00 | OK | |||
r-release-windows-x86_64 | 0.1.3 | 6.00 | 496.00 | 502.00 | OK | |
r-oldrel-macos-arm64 | 0.1.3 | 129.00 | ERROR | |||
r-oldrel-macos-x86_64 | 0.1.3 | 254.00 | ERROR | |||
r-oldrel-windows-x86_64 | 0.1.3 | 5.00 | 447.00 | 452.00 | OK |
Version: 0.1.3
Check: running R code from vignettes
Result: ERROR
Errors in running code in vignettes:
when running code in ‘examples.Rnw’
...
+ fig.width = 3, fig. .... [TRUNCATED]
> p <- ggplot(mtcars, aes(disp, mpg)) + geom_point()
> ggtikz(p, "\\fill[red] (0.5,0.5) circle (2mm);", xy = "plot")
Loading required namespace: tikzDevice
When sourcing ‘examples.R’:
Error: The active device is not a tikz device, please start a tikz device to use this function. See ?tikz.
Execution halted
‘examples.Rnw’ using ‘UTF-8’... failed
Flavors: r-oldrel-macos-arm64, r-oldrel-macos-x86_64