Last updated on 2024-05-07 12:56:10 CEST.
Flavor | Version | Tinstall | Tcheck | Ttotal | Status | Flags |
---|---|---|---|---|---|---|
r-devel-linux-x86_64-debian-clang | 0.38 | 3.09 | 31.08 | 34.17 | OK | |
r-devel-linux-x86_64-debian-gcc | 0.38 | 2.80 | 23.42 | 26.22 | OK | |
r-devel-linux-x86_64-fedora-clang | 0.38 | 43.95 | NOTE | |||
r-devel-linux-x86_64-fedora-gcc | 0.38 | 47.85 | NOTE | |||
r-devel-windows-x86_64 | 0.38 | 6.00 | 53.00 | 59.00 | OK | |
r-patched-linux-x86_64 | 0.38 | 3.53 | 29.89 | 33.42 | OK | |
r-release-linux-x86_64 | 0.38 | 2.77 | 30.98 | 33.75 | OK | |
r-release-macos-arm64 | 0.38 | 19.00 | OK | |||
r-release-windows-x86_64 | 0.38 | 5.00 | 51.00 | 56.00 | OK | |
r-oldrel-macos-arm64 | 0.38 | 19.00 | OK | |||
r-oldrel-macos-x86_64 | 0.38 | 28.00 | OK | |||
r-oldrel-windows-x86_64 | 0.38 | 5.00 | 54.00 | 59.00 | OK |
Version: 0.38
Check: compiled code
Result: NOTE
File ‘gllm/libs/gllm.so’:
Found no calls to: ‘R_registerRoutines’, ‘R_useDynamicSymbols’
It is good practice to register native routines and to disable symbol
search.
See ‘Writing portable packages’ in the ‘Writing R Extensions’ manual.
Flavors: r-devel-linux-x86_64-fedora-clang, r-devel-linux-x86_64-fedora-gcc